 4 + -2. What is the units digit of (4/(-6))/(w/(-39))?
3
Suppose s - 5*a + 8 = 46, -190 = -4*s + a. Suppose s = 3*k - x - 13, -2*x + 30 = 2*k. What is the units digit of k?
9
Let o(y) = -y**2 - 16*y - 15. What is the units digit of o(-13)?
4
Suppose -251 = -3*d - 23. Let u = d - 53. What is the tens digit of u?
2
Let p(h) = h - 2. Let g be p(7). Let z = 13 - g. What is the units digit of z?
8
Suppose -2*f + 7 = -1. Suppose -f*p - p = -15. Suppose 0 = -p*o + 5*o - 18. What is the units digit of o?
9
Let j = 53 - -51. What is the tens digit of j?
0
Suppose -5*c + 40 = -0*w - 5*w, 0 = 2*c + 4*w - 22. What is the units digit of c?
9
What is the units digit of (-1961)/(-7) + (-3)/21?
0
Let s(m) = m**3 + 8*m**2 - 6. Let g be s(-8). What is the units digit of 1 + 2/g*0?
1
Let s(p) = p + 3. What is the units digit of s(-2)?
1
Let r = 2 + 1. Suppose 6 = r*o - 15. Suppose 43 = 4*q + o. What is the units digit of q?
9
Let b be -5*(0 + 2 + -1). Let s = b - -9. Suppose s*a = -20, 13 + 2 = 5*x - 2*a. What is the units digit of x?
1
Suppose 3*b + 3 = -0. Let y be b + 9 - (0 + -2). Suppose -5*x = 5*c + y, -6*x + 28 = -2*x - 5*c. What is the units digit of x?
2
Let s be -3 + 7 + 4/2. Let q = s - 4. Suppose q = -d + 3. What is the units digit of d?
1
What is the tens digit of 2/13 - (-2436)/52?
4
Let o be (-1)/(2 + 93/(-45)). Suppose -6*c + o = -3*c. Suppose -c*n = 2*x - 22, x - 5*n = -2*n. What is the units digit of x?
6
Let j = 45 + 0. Let m = -21 + j. What is the units digit of m?
4
Let h(m) = 3*m - 6. Let n(d) = -2*d + 6. Let z(w) = -4*h(w) - 5*n(w). Let x be z(-4). Suppose -1 = y - x. What is the units digit of y?
1
What is the units digit of (-389)/(-4) - (28/16)/7?
7
Let l(s) = s**3 - s**2 + s + 61. Let f be l(0). Let n = f - 25. What is the tens digit of n?
3
Suppose -3*r + 4*m - 20 = r, 0 = r + m - 5. What is the units digit of (-1 + 0 - r) + 5?
4
Suppose -t = -11 - 9. What is the units digit of t?
0
Let u be (18/5 - 2)*5. Let p be (u/(-10))/(2/(-5)). Suppose 4*q + p*t - 26 = 0, 4*t - 1 + 33 = 4*q. What is the units digit of q?
7
Suppose 0 = -4*r + 21 - 1, -3*f + 4 = -r. Suppose -160 = -2*j - f*j. What is the units digit of j?
2
Let l be 3/(9/6 - 1). Suppose 0 = 5*x - l*x + 9. What is the units digit of x?
9
Let a = 54 + -33. Suppose -2*x + 2*o + a + 35 = 0, 0 = -5*x - o + 140. What is the tens digit of x?
2
Let h = 899 + -637. What is the hundreds digit of h?
2
Let z = 26 - 16. Suppose 0 = -g - p + z, 0 = -g - 2*g + p + 26. What is the units digit of g?
9
Let q = -33 + 20. Let r = -4 - q. What is the units digit of (-1)/(15/r - 2)?
3
Suppose 4*w = -0 + 8. Suppose 4*g - 4*x - 24 = 0, -w*g - 1 = -x - 17. Let y = 18 - g. What is the units digit of y?
8
Suppose m - 172 = 4*w, -2*m = -3*m + 5*w + 175. Let f = m + -113. What is the tens digit of f?
4
What is the tens digit of (0 + 3/(-4))/((-29)/928)?
2
Suppose -u - 2*u - 3 = b, 3*b = -2*u + 19. What is the units digit of b?
9
Let x be 0 - -4 - (-2 - -1). Suppose -x*k = -t + 31, 2*t - 3*k - 69 = -0*k. What is the units digit of t?
6
Let s be 27/6 + 1/(-2). What is the units digit of 0 - (-4 - (-3 + s))?
5
Suppose -u + 30 = 5*m + 4*u, -2*u + 18 = 4*m. Suppose -1 - m = -2*n. Suppose n*p = 8 - 0. What is the units digit of p?
4
Suppose -w = 3*w - 132. Let h = 49 - w. What is the units digit of h?
6
Suppose 0 = 2*v - v - 2*x - 16, 0 = 2*v - 3*x - 27. Let t(c) = -8*c + 9. Let y(i) = i. Let w(j) = -t(j) - 4*y(j). What is the units digit of w(v)?
5
Let r be (9 + 1)/((-2)/5). Let f = -11 - r. What is the tens digit of f?
1
Suppose 9*x - 2*l + 17 = 4*x, 12 = -4*x + 2*l. Let y(t) = t**3 + 5*t**2 - t + 2. What is the units digit of y(x)?
7
What is the units digit of -4 + 2 + (15 - -1)?
4
Let q(i) be the third derivative of i**6/120 + i**5/10 - 3*i**4/8 - 3*i**2. What is the tens digit of q(-7)?
1
Let w = 5 + 0. Suppose j - 5*a - 31 = 0, -a - 10 = -w*j - 5*a. What is the units digit of j?
6
Suppose 2*a - 7 + 1 = 0, -4*o + 19 = 5*a. What is the tens digit of 34*((-9)/(-6) - o)?
1
Let f = 114 + -54. Let x be (6/5)/(18/f). What is the units digit of 4/4*(x + 1)?
5
Let a(d) = -5*d**2 - 6*d - 4. Let g be a(-4). Let p be -3*(g/9)/(-5). What is the units digit of 94/10 - p/(-10)?
9
Suppose 400 = -21*r + 23*r. What is the hundreds digit of r?
2
Let l be (-1 - -4)*70/6. Let m = l - 18. What is the units digit of m?
7
Suppose -191 = -2*o + 5*t, 3*o - t = -4*t + 255. What is the units digit of o?
8
Let m(u) = -u + 3. Let z be m(9). Let s(w) = w**3 + 5*w**2 - 7*w + 1. Let x be s(z). Suppose -3*l = -x*l + 68. What is the tens digit of l?
1
Suppose -3*z = 3*k + 3, 3*k - 32 = 8*k - 4*z. Let p = k + 7. What is the units digit of (-30)/(-9) - (-2)/p?
4
Let l be -3 - -4 - (-2 - 1). Suppose -w = l*w - 190. Suppose 4*c + t = -t + w, -4*c = 4*t - 32. What is the tens digit of c?
1
Suppose 3*r - 5*o = -o + 18, -r + o + 5 = 0. Suppose -5*w + r = 7. What is the units digit of 1*w*(-3 - -2)?
1
Suppose 2*c + 0*c = 50. Let o = c + -17. What is the units digit of o?
8
Suppose 0 = r - 0*r - 54. What is the tens digit of r?
5
Let h(t) be the third derivative of -t**6/120 - t**5/10 + t**3/2 + 2*t**2. Let v be h(-6). What is the units digit of 3/(v/10) - 2?
8
Let j be (396/55)/(1/(-15)). Suppose 2*s - 2*t = 5*s - 8, -4*t = s - 6. What is the units digit of s/(2 + j/57)?
9
Let n be ((-22)/(-4))/((-6)/12). Let g(v) = v**2 + 11*v - 4. Let b be g(n). What is the units digit of 30/b*6/(-5)?
9
Let m be 3/2 - 2/(-4). Suppose 0 = -m*c - 2*c + 2*l + 16, 5*l = 20. Let j = 11 - c. What is the units digit of j?
5
Suppose -2*a = -3*h + 184, 5*h + 0*a - 316 = a. Let u = 113 - h. Suppose -3*j - u = 2*g - 7*g, -g + 4*j = -20. What is the units digit of g?
8
Let a(n) = 11*n**2 - 1 + 4*n + n**3 - 10 - 17*n + 1. What is the units digit of a(-12)?
2
Suppose -2*x - 4*i - 5 = 3, -4*i = x + 10. Suppose 0*j + 2*b = x*j - 46, -3 = b. What is the tens digit of j?
2
Suppose -5*p = 4*j - 99 - 58, -2*j + 61 = -p. What is the tens digit of j?
3
Suppose -4*v + 16 + 6 = b, -46 = -5*b - 4*v. Suppose -36 = -b*r + 3*r. Suppose f + f = s + 3, 0 = 3*f - r. What is the units digit of s?
5
Let h(s) = 11*s**2 - 3*s + 1. What is the hundreds digit of h(-3)?
1
Let q(n) = 91*n**2 - n + 2. What is the units digit of q(1)?
2
Let g be (-1)/(-5) + (-1)/5. Let b be 14*(-3 + 2 + g). Let o = 23 + b. What is the units digit of o?
9
Let o = -48 - -401. What is the tens digit of o?
5
Let h(c) = c. Let w be h(4). Suppose -5*v + w = -v. What is the units digit of v?
1
Suppose -2*n + 0*a = -3*a - 15, -3*n + 2*a + 20 = 0. What is the tens digit of 262/n + 10/(-15)?
4
Let l(o) = -2*o + 9. Let h be ((-14)/(-10))/((-3)/(-15)). Let g be l(h). Let m = g - -9. What is the units digit of m?
4
Suppose -5*y + 11 + 9 = 0. Let k(a) = -a**2 + 8*a + 2. What is the tens digit of k(y)?
1
Suppose 25 = -5*q, -2*r + 0*q + 5*q + 49 = 0. Let w = 34 - r. What is the units digit of w?
2
Let q = 8 + -4. Let o = q - 1. Suppose 0 = -6*n + o*n + 21. What is the units digit of n?
7
Let h = -18 + 66. What is the tens digit of h?
4
Let o(g) = 2*g**2 + 17*g - 33. What is the units digit of o(-18)?
9
Suppose 5*a + 20 = -0*a - 5*i, 0 = 3*i - 9. Let x = 13 - a. What is the units digit of x?
0
Let y be 4/10 - 20/50. Let c be 3*((-4)/(-6) - 0). Suppose 2 + y = c*p. What is the units digit of p?
1
Let h(q) = 3*q**2 + 0*q**2 + 0 + 2*q + 0 + 2. What is the units digit of h(-3)?
3
Suppose -3*k + 8 = -5*k. What is the units digit of 12*(3 - (-9)/k)?
9
What is the tens digit of 669/9 + 2/(-6)?
7
Let x be (-12)/6*1*-2. Suppose 0 = -5*q + 4*q + x. What is the units digit of q?
4
Let l(t) = -t - 1. Let n(j) = -6*j - 7. Let x(d) = 14*l(d) - 2*n(d). What is the units digit of x(-1)?
2
What is the units digit of (-414)/(-72) + (-2)/(-8)?
6
Let q(k) = -k**3 + 9*k**2 - 7*k - 3. Let v be q(8). Let s = -15 + 33. Suppose n - s = -p, 10*p = 3*n + v*p - 54. What is the units digit of n?
8
Let h(m) = 49*m**2 + 7*m + 6. Let g(z) = 49*z**2 + 6*z + 5. Let j(n) = 7*g(n) - 6*h(n). Let o be j(-1). Let x = o + -32. What is the units digit of x?
6
Let p be (-8 + 0/(-3))*-5. Suppose -2*r + 8 = -4*n + p, -3*r = 2*n. What is the units digit of n?
6
Let o = -88 + 194. What is the hundreds digit of o?
1
Suppose -r + 2*b - 2 = 1, 3*r = -b + 12. Suppose -r*j - 3*n + 26